{"id":88,"date":"2012-07-20T10:33:23","date_gmt":"2012-07-20T09:33:23","guid":{"rendered":"http:\/\/www.javiercarrasco.es\/?page_id=88"},"modified":"2024-06-05T17:57:28","modified_gmt":"2024-06-05T15:57:28","slug":"cuaderno-linux","status":"publish","type":"page","link":"https:\/\/www.javiercarrasco.es\/?page_id=88","title":{"rendered":"Cuaderno Linux"},"content":{"rendered":"<p><a class=\"twitter-hashtag-button\" href=\"https:\/\/twitter.com\/intent\/tweet?button_hashtag=cuadernolinux\" data-lang=\"es\" data-size=\"large\" data-related=\"_javicarrasco_\" data-url=\"http:\/\/www.javiercarrasco.es\/cuaderno-linux\/\">Tweet #cuadernolinux<\/a><br \/>\n<script>\/\/ <![CDATA[ !function(d,s,id){var js,fjs=d.getElementsByTagName(s)[0];if(!d.getElementById(id)){js=d.createElement(s);js.id=id;js.src=\"\/\/platform.twitter.com\/widgets.js\";fjs.parentNode.insertBefore(js,fjs);}}(document,\"script\",\"twitter-wjs\"); \/\/ ]]><\/script><br \/>\n<strong>Cuaderno Linux<\/strong> pretende ser un humilde recopilatorio de apuntes basados en mi experiencia diaria en el trato con <strong>GNU\/Linux<\/strong>, tanto a nivel dom\u00e9stico, como de administraci\u00f3n de aulas y centros de ense\u00f1anza.<\/p>\n<p>Como norma general, podr\u00e9is ver que la inmensa mayor\u00eda est\u00e1n basados en <strong>Ubuntu<\/strong>, y sus variantes Xubuntu y Lubuntu, pero tambi\u00e9n tengo alguno surgido por el uso de <a title=\"Lliurex\" href=\"http:\/\/mestreacasa.gva.es\/web\/lliurex\/\" target=\"_blank\" rel=\"noopener\">Lliurex<\/a>, un proyecto de <em>software<\/em> libre desarrollado por la Comunidad Valenciana.<\/p>\n<p>Por supuesto, si alguien consulta este material, y tiene alguna duda o correcci\u00f3n, no dude en ponerse en contacto conmigo.<\/p>\n<p>Aqu\u00ed os dejo todo lo que llevo hasta la fecha, espero os sea de utilidad.<\/p>\n<ol>\n<li><a title=\"Activar\/Desactivar demonios en el arranque de Ubuntu\" href=\"https:\/\/www.javiercarrasco.es\/?p=69\">Activar\/Desactivar demonios en el arranque de Ubuntu<\/a><\/li>\n<li><a title=\"VSFTPD en Ubuntu 12.04\" href=\"https:\/\/www.javiercarrasco.es\/?p=92\">VSFTPD en Ubuntu 12.04<\/a><\/li>\n<li><a title=\"Carpeta compartida entre Windows (anfitri\u00f3n) y Ubuntu en VirtualBox\" href=\"http:\/\/www.javiercarrasco.es\/2012\/07\/20\/carpeta-compartida-entre-windows-anfitrion-y-ubuntu-en-virtualbox\/\">Carpeta compartida entre Windows (anfitri\u00f3n) y Ubuntu en VirtualBox<\/a><\/li>\n<li><a title=\"Servidor DHCP en Ubuntu 12.04\" href=\"http:\/\/www.javiercarrasco.es\/2012\/07\/21\/servidor-dhcp-en-ubuntu-12-04\/\">Servidor DHCP en Ubuntu 12.04<\/a><\/li>\n<li><a title=\"Desinstalar kernels antiguos de Ubuntu\" href=\"http:\/\/www.javiercarrasco.es\/2012\/07\/23\/desinstalar-kernels-antiguos-de-ubuntu\/\">Desinstalar kernels antiguos de Ubuntu<\/a><\/li>\n<li><a title=\"Instalar Clonezilla live-hd con LUbuntu 12.04\" href=\"http:\/\/www.javiercarrasco.es\/2012\/07\/23\/instalar-clonezilla-live-hd-con-lubuntu-12-04\/\">Instalar Clonezilla live-hd con LUbuntu 12.04<\/a><\/li>\n<li><a title=\"Desinstalar por completo paquetes en Ubuntu desde consola\" href=\"http:\/\/www.javiercarrasco.es\/2012\/07\/25\/desinstalar-por-completo-paquetes-en-ubuntu-desde-consola\/\">Desinstalar por completo paquetes en Ubuntu desde consola<\/a><\/li>\n<li><a title=\"Reinstalar Grub2\" href=\"http:\/\/www.javiercarrasco.es\/2012\/08\/12\/reinstalar-grub2\/\">Reinstalar Grub2<\/a><\/li>\n<li><a title=\"Configurar Grub2 con entrada a ISO de Clonezilla\" href=\"http:\/\/www.javiercarrasco.es\/2012\/08\/12\/configurar-grub2-con-entrada-a-iso-de-clonezilla\/\">Configurar Grub2 con entrada a ISO de Clonezilla<\/a><\/li>\n<li><a title=\"fstab de Linux\" href=\"http:\/\/www.javiercarrasco.es\/2012\/08\/29\/fstab-de-linux\/\">fstab de Linux<\/a><\/li>\n<li><a title=\"XAMPP en Linux\" href=\"http:\/\/www.javiercarrasco.es\/2012\/08\/30\/xampp-en-linux\/\">XAMPP en Linux<\/a><\/li>\n<li><a title=\"Montar una partici\u00f3n NTFS en Linux\" href=\"http:\/\/www.javiercarrasco.es\/2012\/09\/02\/montar-una-particion-ntfs-en-linux\/\">Montar una partici\u00f3n NTFS en Linux<\/a><\/li>\n<li><a title=\"Comprimir y descomprimir RAR en Linux\" href=\"http:\/\/www.javiercarrasco.es\/2012\/09\/03\/comprimir-y-descomprimir-rar-en-linux\/\">Comprimir y descomprimir RAR en Linux<\/a><\/li>\n<li><a title=\"SystemRescueCd desde GRUB2\" href=\"http:\/\/www.javiercarrasco.es\/2012\/09\/04\/systemrescuecd-desde-grub2\/\">SystemRescueCd desde GRUB2<\/a><\/li>\n<li><a title=\"Usar partimage en SystemRescueCd\" href=\"http:\/\/www.javiercarrasco.es\/2012\/09\/04\/usar-partimage-en-systemrescuecd\/\">Usar partimage en SystemRescueCd<\/a><\/li>\n<li><a title=\"A\u00f1adir password a entradas del GRUB2\" href=\"http:\/\/www.javiercarrasco.es\/2012\/09\/05\/anadir-password-a-entradas-del-grub2\/\">A\u00f1adir password a entradas del GRUB2<\/a><\/li>\n<li><a title=\"Instalar Adobe Acrobat Reader en Ubuntu 12.04\" href=\"http:\/\/www.javiercarrasco.es\/2012\/09\/18\/instalar-adobe-acrobat-reader-en-ubuntu-12-04\/\">Instalar Adobe Acrobat Reader en Ubuntu 12.04<\/a><\/li>\n<li><a title=\"Compartir impresoras en Ubuntu\" href=\"http:\/\/www.javiercarrasco.es\/2012\/09\/26\/compartir-impresoras-en-ubuntu\/\">Compartir impresoras en Ubuntu<\/a><\/li>\n<li><a title=\"Restaurar directorio home al apagar en LUbuntu\" href=\"http:\/\/www.javiercarrasco.es\/2012\/10\/01\/restaurar-directorio-home-al-apagar-en-lubuntu\/\">Restaurar directorio home al apagar en LUbuntu<\/a><\/li>\n<li><a title=\"K3b y normalize-audio\" href=\"http:\/\/www.javiercarrasco.es\/2012\/10\/02\/k3b-y-normalize-audio\/\">K3b y normalize-audio<\/a><\/li>\n<li><a title=\"Instalar impresoras HP en Ubuntu\" href=\"http:\/\/www.javiercarrasco.es\/2012\/10\/09\/instalar-impresoras-hp-en-ubuntu\/\">Instalar impresoras HP en Ubuntu<\/a><\/li>\n<li><a title=\"Reparar discos duros con sectores defectuosos con Ubuntu 12.04\" href=\"http:\/\/www.javiercarrasco.es\/2012\/10\/25\/reparar-discos-duros-con-sectores-defectuosos-con-ubuntu-12-04\/\">Reparar discos duros con sectores defectuosos con Ubuntu 12.04<\/a><\/li>\n<li><a title=\"\u00bfC\u00f3mo saber si tenemos aceleraci\u00f3n 3D en nuestro Ubuntu?\" href=\"http:\/\/www.javiercarrasco.es\/2012\/11\/02\/como-saber-si-tenemos-aceleracion-3d-en-nuestro-ubuntu\/\">\u00bfC\u00f3mo saber si tenemos aceleraci\u00f3n 3D en nuestro Ubuntu?<\/a><\/li>\n<li><a title=\"RawTherapee en Ubuntu 12.04\" href=\"http:\/\/www.javiercarrasco.es\/2012\/11\/04\/rawtherapee-en-ubuntu-12-04\/\">RawTherapee en Ubuntu 12.04<\/a><\/li>\n<li><a title=\"Google SketchUp en Ubuntu 12.04\" href=\"http:\/\/www.javiercarrasco.es\/2012\/11\/07\/google-sketchup-en-ubuntu-12-04\/\">Google SketchUp en Ubuntu 12.04<\/a><\/li>\n<li><a title=\"Instalar esc\u00e1ner Epson Perfection 2480 Photo en Ubuntu\" href=\"http:\/\/www.javiercarrasco.es\/2012\/11\/07\/instalar-escaner-epson-perfection-2480-photo-en-ubuntu\/\">Instalar esc\u00e1ner Epson Perfection 2480 Photo en Ubuntu<\/a><\/li>\n<li><a title=\"Instalar Oracle Java 7 en Ubuntu a trav\u00e9s de repositorio\" href=\"http:\/\/www.javiercarrasco.es\/2012\/12\/12\/instalar-oracle-java-7-en-ubuntu-a-traves-de-repositorio\/\">Instalar Oracle Java 7 en Ubuntu a trav\u00e9s de repositorio<\/a><\/li>\n<li><a title=\"Repositorio de LibreOffice\" href=\"http:\/\/www.javiercarrasco.es\/2013\/01\/09\/repositorio-de-libreoffice\/\">Repositorio de LibreOffice<\/a><\/li>\n<li><a title=\"Activar wifi en Xubuntu 12.04\" href=\"http:\/\/www.javiercarrasco.es\/2013\/01\/15\/activar-wifi-en-xubuntu-12-04\/\">Activar wifi en Xubuntu 12.04<\/a><\/li>\n<li><a title=\"4 pasos para borrar la cach\u00e9 de nuestro proxy Squid\" href=\"http:\/\/www.javiercarrasco.es\/2013\/01\/25\/4-pasos-para-borrar-la-cache-de-nuestro-proxy-squid\/\">4 pasos para borrar la cach\u00e9 de nuestro proxy Squid<\/a><\/li>\n<li><a title=\"Live USB utilizando el comando dd de linux\" href=\"http:\/\/www.javiercarrasco.es\/2013\/01\/28\/live-usb-utilizando-el-comando-dd-de-linux\/\">Live USB utilizando el comando dd de linux<\/a><\/li>\n<li><a title=\"Cairo Dock en Ubuntu 12.04\" href=\"http:\/\/www.javiercarrasco.es\/2013\/02\/04\/cairo-dock-en-ubuntu-12-04\/\">Cairo Dock en Ubuntu 12.04<\/a><\/li>\n<li><a title=\"FSArchiver en SystemRescueCd\" href=\"http:\/\/www.javiercarrasco.es\/2013\/02\/06\/fsarchiver-en-systemrescuecd\/\">FSArchiver en SystemRescueCd<\/a><\/li>\n<li><a title=\"Montar im\u00e1genes ISO\" href=\"http:\/\/www.javiercarrasco.es\/2013\/02\/06\/montar-imagenes-iso\/\">Montar im\u00e1genes ISO<\/a><\/li>\n<li><a title=\"SystemRescueCd desde USB\" href=\"http:\/\/www.javiercarrasco.es\/2013\/02\/07\/systemrescuecd-desde-usb\/\">SystemRescueCd desde USB<\/a><\/li>\n<li><a title=\"No se pudo bloquear \/var\/lib\/dpkg\/lock \u2013 open (11: Recurso no disponible temporalmente)\" href=\"http:\/\/www.javiercarrasco.es\/2013\/02\/08\/no-se-pudo-bloquear-varlibdpkglock-open-11-recurso-no-disponible-temporalmente\/\">No se pudo bloquear \/var\/lib\/dpkg\/lock &#8211; open (11: Recurso no disponible temporalmente)<\/a><\/li>\n<li><a title=\"Desactivar la cuenta invitado en Ubuntu 12.04\" href=\"http:\/\/www.javiercarrasco.es\/2013\/02\/25\/desactivar-la-cuenta-invitado-en-ubuntu-12-04\/\">Desactivar la cuenta invitado en Ubuntu 12.04<\/a><\/li>\n<li><a title=\"Instalar pizarra digital SMART Board en Ubuntu 12.04\" href=\"http:\/\/www.javiercarrasco.es\/2013\/02\/27\/instalar-pizarra-digital-smart-board-en-ubuntu-12-04\/\">Instalar pizarra digital SMART Board en Ubuntu 12.04<\/a><\/li>\n<li><a title=\"Reproducir DVD\u2019s originales en Ubuntu 12.04\" href=\"http:\/\/www.javiercarrasco.es\/2013\/03\/07\/reproducir-dvds-originales-en-ubuntu-12-04\/\">Reproducir DVD\u2019s originales en Ubuntu 12.04<\/a><\/li>\n<li><a title=\"Instalar OpenShot 1.4.3 en Ubuntu\" href=\"http:\/\/www.javiercarrasco.es\/2013\/03\/12\/instalar-openshot-1-4-3-en-ubuntu\/\">Instalar OpenShot 1.4.3 en Ubuntu<\/a><\/li>\n<li><a title=\"Luminance HDR\" href=\"http:\/\/www.javiercarrasco.es\/2013\/04\/05\/luminance-hdr\/\">Luminance HDR<\/a><\/li>\n<li><a title=\"Instalar una impresora en red en Ubuntu\" href=\"http:\/\/www.javiercarrasco.es\/2013\/04\/16\/instalar-una-impresora-en-red-en-ubuntu\/\">Instalar una impresora en red en Ubuntu<\/a><\/li>\n<li><a title=\"W: Error de GPG BADSIG al actualizar Ubuntu 12.04\" href=\"http:\/\/www.javiercarrasco.es\/2013\/04\/24\/w-error-de-gpg-badsig-al-actualizar-ubuntu-12-04\/\">W: Error de GPG BADSIG al actualizar Ubuntu 12.04<\/a><\/li>\n<li><a title=\"Samba \u2013 error 255: net usershare add: cannot share path\" href=\"http:\/\/www.javiercarrasco.es\/2013\/05\/07\/samba-error-255-net-usershare-add-cannot-share-path\/\">Samba \u2013 error 255: net usershare add: cannot share path<\/a><\/li>\n<li><a title=\"Cambiar la configuraci\u00f3n JAVA en Ubuntu\" href=\"http:\/\/www.javiercarrasco.es\/2013\/05\/29\/cambiar-la-configuracion-java-en-ubuntu\/\">Cambiar la configuraci\u00f3n JAVA en Ubuntu<\/a><\/li>\n<li><a title=\"Recuperar Grub de manera r\u00e1pida\" href=\"http:\/\/www.javiercarrasco.es\/2013\/06\/24\/recuperar-grub-de-manera-rapida\/\">Recuperar Grub de manera r\u00e1pida<\/a><\/li>\n<li><a title=\"Proxy transparente con Squid + DHCP en Ubuntu 13.04 32 bits\" href=\"http:\/\/www.javiercarrasco.es\/2013\/08\/01\/proxy-transparente-con-squid-dhcp-en-ubuntu-13-04-32-bits\/\">Proxy transparente con Squid + DHCP en Ubuntu 13.04 32 bits<\/a><\/li>\n<li><a title=\"Problemas con el brillo del port\u00e1til en Ubuntu\" href=\"http:\/\/www.javiercarrasco.es\/2013\/08\/29\/problemas-con-el-brillo-del-portatil-en-ubuntu\/\">Problemas con el brillo del port\u00e1til en Ubuntu<\/a><\/li>\n<li><a title=\"Reproducir DVD\u2019s originales en Ubuntu (ya sin Medibuntu)\" href=\"http:\/\/www.javiercarrasco.es\/2013\/11\/05\/reproducir-dvds-originales-en-ubuntu-ya-sin-medibuntu\/\">Reproducir DVD&#8217;s originales en Ubuntu (ya sin Medibuntu)<\/a><\/li>\n<li><a title=\"Acelerar Ubuntu\" href=\"http:\/\/www.javiercarrasco.es\/2013\/11\/09\/acelerar-ubuntu\/\">Acelerar Ubuntu<\/a><\/li>\n<li><a title=\"Problemas con el Pendrive, se monta en modo s\u00f3lo lectura\" href=\"http:\/\/www.javiercarrasco.es\/2013\/11\/26\/problemas-con-el-pendrive-se-monta-en-modo-solo-lectura\/\">Problemas con el Pendrive, se monta en modo s\u00f3lo lectura<\/a><\/li>\n<li><a title=\"Unir y dividir archivos PDF en Ubuntu\" href=\"http:\/\/www.javiercarrasco.es\/2013\/12\/05\/unir-y-dividir-archivos-pdf-en-ubuntu\/\">Unir y dividir archivos PDF en Ubuntu<\/a><\/li>\n<li><a title=\"Instalar Cinnamon 2.0 en Ubuntu 13.10\" href=\"http:\/\/www.javiercarrasco.es\/2014\/01\/08\/instalar-cinnamon-2-0-en-ubuntu-13-10\/\">Instalar Cinnamon 2.0 en Ubuntu 13.10<\/a><\/li>\n<li><a title=\"Desactivar la cuenta de invitado en Ubuntu 14.04\" href=\"http:\/\/www.javiercarrasco.es\/2014\/04\/28\/desactivar-la-cuenta-de-invitado-en-ubuntu-14-04\/\">Desactivar la cuenta de invitado en Ubuntu 14.04<\/a><\/li>\n<li><a title=\"Crear copias de seguridad de tus DVDs originales\" href=\"http:\/\/www.javiercarrasco.es\/2014\/05\/13\/crear-copias-de-seguridad-de-tus-dvds-originales\/\">Crear copias de seguridad de tus DVDs originales<\/a><\/li>\n<li><a title=\"Problemas con el Wifi en Linux (Broadcom 43xxx)\" href=\"http:\/\/www.javiercarrasco.es\/2014\/05\/29\/problemas-con-el-wifi-en-linux-broadcom-43xxx\/\">Problemas con el Wifi en Linux (Broadcom 43xxx)<\/a><\/li>\n<li><a title=\"no talloc stackframe at ..\/source3\/param\/loadparm.c:4864, leaking memory\" href=\"http:\/\/www.javiercarrasco.es\/2014\/07\/02\/no-talloc-stackframe-at-source3paramloadparm-c4864-leaking-memory\/\">no talloc stackframe at ..\/source3\/param\/loadparm.c:4864, leaking memory<\/a><\/li>\n<li><a title=\"could not write bytes: Broken pipe\" href=\"http:\/\/www.javiercarrasco.es\/2014\/11\/11\/could-not-write-bytes-broken-pipe\/\">could not write bytes: Broken pipe<\/a><\/li>\n<li><a title=\"Instalar Acrobat Reader en Ubuntu 14.04\" href=\"http:\/\/www.javiercarrasco.es\/2015\/01\/21\/instalar-acrobat-reader-en-ubuntu-14-04\/\">Instalar Acrobat Reader en Ubuntu 14.04<\/a><\/li>\n<li><a href=\"http:\/\/www.javiercarrasco.es\/2015\/07\/13\/dnsmasqiptables-en-ubuntu-14-04\/\">Dnsmasq+IPTables en Ubuntu 14.04<\/a><\/li>\n<li><a href=\"http:\/\/www.javiercarrasco.es\/2015\/07\/22\/soporte-mtp-en-linux\/\">Soporte MTP en Linux<\/a><\/li>\n<li><a href=\"http:\/\/www.javiercarrasco.es\/2016\/12\/09\/lector-de-tarjetas-en-ubuntu\/\">Lector de tarjetas en Ubuntu<\/a><\/li>\n<li><a href=\"http:\/\/www.javiercarrasco.es\/2018\/02\/14\/inicio-de-sesion-automatico-en-debian-9-xfce\/\">Inicio de sesi\u00f3n autom\u00e1tico en Debian 9 + XFCE<\/a><\/li>\n<li><a href=\"http:\/\/www.javiercarrasco.es\/2018\/03\/12\/instalar-oracle-java-8-en-debian-9\/\">Instalar Oracle Java 8 en Debian 9<\/a><\/li>\n<li><a href=\"http:\/\/www.javiercarrasco.es\/2018\/03\/13\/barra-de-progreso-al-descomprimir\/\">Barra de progreso al descomprimir<\/a><\/li>\n<\/ol>\n","protected":false},"excerpt":{"rendered":"<p>Tweet #cuadernolinux Cuaderno Linux pretende ser un humilde recopilatorio de apuntes basados en mi experiencia diaria en el trato con GNU\/Linux, tanto a nivel dom\u00e9stico, como de administraci\u00f3n de aulas y centros de ense\u00f1anza. Como norma general, podr\u00e9is ver que la inmensa mayor\u00eda est\u00e1n basados en Ubuntu, y sus variantes Xubuntu y Lubuntu, pero tambi\u00e9n [&hellip;]<\/p>\n","protected":false},"author":1,"featured_media":0,"parent":0,"menu_order":0,"comment_status":"open","ping_status":"closed","template":"","meta":{"footnotes":""},"class_list":["post-88","page","type-page","status-publish","hentry"],"_links":{"self":[{"href":"https:\/\/www.javiercarrasco.es\/index.php?rest_route=\/wp\/v2\/pages\/88","targetHints":{"allow":["GET"]}}],"collection":[{"href":"https:\/\/www.javiercarrasco.es\/index.php?rest_route=\/wp\/v2\/pages"}],"about":[{"href":"https:\/\/www.javiercarrasco.es\/index.php?rest_route=\/wp\/v2\/types\/page"}],"author":[{"embeddable":true,"href":"https:\/\/www.javiercarrasco.es\/index.php?rest_route=\/wp\/v2\/users\/1"}],"replies":[{"embeddable":true,"href":"https:\/\/www.javiercarrasco.es\/index.php?rest_route=%2Fwp%2Fv2%2Fcomments&post=88"}],"version-history":[{"count":3,"href":"https:\/\/www.javiercarrasco.es\/index.php?rest_route=\/wp\/v2\/pages\/88\/revisions"}],"predecessor-version":[{"id":2182,"href":"https:\/\/www.javiercarrasco.es\/index.php?rest_route=\/wp\/v2\/pages\/88\/revisions\/2182"}],"wp:attachment":[{"href":"https:\/\/www.javiercarrasco.es\/index.php?rest_route=%2Fwp%2Fv2%2Fmedia&parent=88"}],"curies":[{"name":"wp","href":"https:\/\/api.w.org\/{rel}","templated":true}]}}